{"id":12,"date":"2025-09-07T15:04:42","date_gmt":"2025-09-07T15:04:42","guid":{"rendered":"https:\/\/staging.aldafea-coaching.de\/?page_id=12"},"modified":"2025-11-13T09:26:32","modified_gmt":"2025-11-13T08:26:32","slug":"start","status":"publish","type":"page","link":"https:\/\/staging.aldafea-coaching.de\/","title":{"rendered":"Start"},"content":{"rendered":"<div  class=\"tatsu-SyZ1t0zj5xx tatsu-section  tatsu-bg-overlay   tatsu-clearfix\" data-title=\"\"  data-headerscheme=\"background--dark\"><div class='tatsu-section-pad clearfix' data-padding='{\"d\":\"60px 0px 0px 0px\"}' data-padding-top='60px'><\/div><div class=\"tatsu-section-background-wrap\"><div class = \"tatsu-section-background\" ><\/div><\/div><div class=\"tatsu-overlay tatsu-section-overlay\"><\/div><style>.tatsu-SyZ1t0zj5xx{border-width: 1px 0 0 0;border-color: rgba(184,228,227,1); border-style: solid;}.tatsu-SyZ1t0zj5xx .tatsu-section-pad{padding: 60px 0px 0px 0px;}.tatsu-SyZ1t0zj5xx .tatsu-section-offset-wrap{transform: translateY(-0px);}.tatsu-SyZ1t0zj5xx > .tatsu-bottom-divider{z-index: 9999;}.tatsu-SyZ1t0zj5xx > .tatsu-top-divider{z-index: 9999;}.tatsu-SyZ1t0zj5xx .tatsu-section-overlay{mix-blend-mode: normal;}<\/style><\/div><div  class=\"tatsu-BJINBP35xx tatsu-section    tatsu-clearfix\" data-title=\"\"  data-headerscheme=\"background--dark\"><div class='tatsu-section-pad clearfix' data-padding='{\"d\":\"0px 0px 158px 0px\",\"m\":\"0px 0px 50px 0px\"}' data-padding-top='0px'><div class=\"tatsu-row-wrap  tatsu-wrap tatsu-row-one-col tatsu-row-has-one-cols tatsu-zero-margin tatsu-medium-gutter tatsu-reg-cols  tatsu-clearfix tatsu-r1lDvp2acxg\" ><style>@media only screen and (max-width: 767px) {.tatsu-r1lDvp2acxg.tatsu-row-wrap > .tatsu-row{padding: 0px 0px 25px 0px;}}<\/style><div  class=\"tatsu-row \" ><div  class=\"tatsu-column  tatsu-bg-overlay tatsu-one-col tatsu-column-image-none tatsu-column-effect-none  tatsu-r1wwp3Tqel\"  data-parallax-speed=\"0\" style=\"\"><div class=\"tatsu-column-inner \" ><div class=\"tatsu-column-pad-wrap\"><div class=\"tatsu-column-pad\" ><div  class=\"tatsu-module tatsu-animated-heading-wrap anime_fade_in tatsu-animate tatsu-SJzuT3acgg    tatsu-hide-mobile\" data-animation=\"fadeIn\" data-animation-delay=\"2\" data-animation-duration=\"3000\" data-anime-type=\"anime_fade_in\" data-anime-duration=\"30\" ><h4 class=\"tatsu-animated-heading-inner\">Willkommen auf meiner Website!<\/h4><style>.tatsu-SJzuT3acgg.tatsu-animated-heading-wrap{text-align: center;}.tatsu-SJzuT3acgg .tatsu-animated-heading-inner{color: rgba(110,157,154,1) ;font-family : \"Montserrat\",-apple-system,BlinkMacSystemFont,'Segoe UI',Roboto,Oxygen-Sans,Ubuntu,Cantarell,'Helvetica Neue',sans-serif;font-weight : 500;text-transform : none;letter-spacing : 1px;}.tatsu-SJzuT3acgg .tatsu-animated-heading-line{background: rgba(184,228,227,1);}@media only screen and (max-width: 767px) {.tatsu-SJzuT3acgg .tatsu-animated-heading-inner{font-family : \"Montserrat\",-apple-system,BlinkMacSystemFont,'Segoe UI',Roboto,Oxygen-Sans,Ubuntu,Cantarell,'Helvetica Neue',sans-serif;font-weight : 500;text-transform : none;font-size : 20px;letter-spacing : 1px;}}<\/style><\/div><div  class=\"tatsu-module tatsu-inline-text clearfix tatsu-Sk7KT8Vnxl  tatsu-hide-desktop tatsu-hide-laptop tatsu-hide-tablet  \" ><style>.tatsu-Sk7KT8Vnxl .tatsu-inline-text-inner{width: 100%;text-align: left;}@media only screen and (max-width: 767px) {.tatsu-Sk7KT8Vnxl .tatsu-inline-text-inner{width: 100%;}.tatsu-Sk7KT8Vnxl.tatsu-inline-text{margin: 0px 0px 15px 0px;}}<\/style><div class=\"tatsu-inline-text-inner tatsu-align-center\">\n<h4 style=\"text-align: left;\">Willkommen auf meiner Website!<\/h4>\n<\/div><\/div><\/div><\/div><div class = \"tatsu-column-bg-image-wrap\"><div class = \"tatsu-column-bg-image\" ><\/div><\/div><div class=\"tatsu-overlay tatsu-column-overlay tatsu-animate-none\" ><\/div><\/div><style>.tatsu-row > .tatsu-r1wwp3Tqel.tatsu-column{width: 100%;}.tatsu-r1wwp3Tqel.tatsu-column > .tatsu-column-inner > .tatsu-column-overlay{mix-blend-mode: normal;}.tatsu-r1wwp3Tqel > .tatsu-column-inner > .tatsu-top-divider{z-index: 9999;}.tatsu-r1wwp3Tqel > .tatsu-column-inner > .tatsu-bottom-divider{z-index: 9999;}.tatsu-r1wwp3Tqel > .tatsu-column-inner > .tatsu-left-divider{z-index: 9999;}.tatsu-r1wwp3Tqel > .tatsu-column-inner > .tatsu-right-divider{z-index: 9999;}@media only screen and (max-width:1377px) {.tatsu-row > .tatsu-r1wwp3Tqel.tatsu-column{width: 100%;}}@media only screen and (min-width:768px) and (max-width: 1024px) {.tatsu-row > .tatsu-r1wwp3Tqel.tatsu-column{width: 100%;}}@media only screen and (max-width: 767px) {.tatsu-row > .tatsu-r1wwp3Tqel.tatsu-column{width: 100%;}}<\/style><\/div><\/div><\/div><div class=\"tatsu-row-wrap  tatsu-wrap tatsu-row-one-col tatsu-row-has-one-cols tatsu-medium-gutter tatsu-eq-cols  tatsu-clearfix tatsu-SyeI4rD39xe\" ><style>.tatsu-SyeI4rD39xe.tatsu-row-wrap > .tatsu-row{padding: 0px 15% 0px 15%;}@media only screen and (max-width: 767px) {.tatsu-SyeI4rD39xe.tatsu-row-wrap > .tatsu-row{padding: 0px 0% 0px 0%;}}<\/style><div  class=\"tatsu-row \" ><div  class=\"tatsu-column  tatsu-column-no-bg tatsu-one-col tatsu-column-align-middle tatsu-column-image-none tatsu-column-effect-none  tatsu-H1WL4HD3cll\"  data-parallax-speed=\"0\" style=\"\"><div class=\"tatsu-column-inner \" ><div class=\"tatsu-column-pad-wrap\"><div class=\"tatsu-column-pad\" ><div  class=\"tatsu-module tatsu-inline-text clearfix tatsu-S14LErPhqge   \" ><style>.tatsu-S14LErPhqge .tatsu-inline-text-inner{width: 100%;text-align: left;}<\/style><div class=\"tatsu-inline-text-inner tatsu-align-center\">\n<p data-prosemirror-content-type=\"node\" data-prosemirror-node-name=\"paragraph\" data-prosemirror-node-block=\"true\" data-pm-slice=\"1 1 &#091;&#093;\">Sch\u00f6n, dass du deinen Weg hierher gefunden hast.<br data-prosemirror-content-type=\"node\" data-prosemirror-node-name=\"hardBreak\" data-prosemirror-node-inline=\"true\" \/>Hier bist du genau richtig, wenn dich das Thema ganzheitliche Gesundheit interessiert und du nach fachkundiger Unterst\u00fctzung f\u00fcr deinen Weg suchst:<\/p>\n<\/div><\/div><ul  class=\"tatsu-module tatsu-list tatsu-rk4KDDa69le    tatsu-list-vertical-align-top tatsu-lists-icon tatsu-lists-circled\" ><style>.tatsu-rk4KDDa69le{margin: 0px 0px 30px 0px;}.tatsu-rk4KDDa69le .tatsu-list-content{margin: 0 0 12px 0px;}.tatsu-rk4KDDa69le .tatsu-list-content::before, .tatsu-rk4KDDa69le .tatsu-icon{color: rgba(184,228,227,1) ;}<\/style><li  class=\"tatsu-list-content tatsu-r1KDDT6qgl   \" ><div class=\"tatsu-list-icon-wrap\" ><i class=\"tatsu-icon tatsu-icon-heart1 \"><\/i><\/div><div class=\"tatsu-list-inner\">\n<p data-prosemirror-content-type=\"node\" data-prosemirror-node-name=\"paragraph\" data-prosemirror-node-block=\"true\">Ob Du nur ein\u00a0<strong><a href=\"https:\/\/staging.aldafea-coaching.de\/index.php\/impuls-gesprach\/\">Impuls-Gespr\u00e4ch<\/a><\/strong>\u00a0brauchst, um dich wieder neu auszurichten<\/p>\n<\/div><style>.tatsu-r1KDDT6qgl{border-style: solid;}<\/style><\/li><li  class=\"tatsu-list-content tatsu-rkxKwwaT9xg   \" ><div class=\"tatsu-list-icon-wrap\" ><i class=\"tatsu-icon tatsu-icon-heart1 \"><\/i><\/div><div class=\"tatsu-list-inner\">\n<p data-prosemirror-content-type=\"node\" data-prosemirror-node-name=\"paragraph\" data-prosemirror-node-block=\"true\">Im <strong><a href=\"https:\/\/staging.aldafea-coaching.de\/index.php\/epigenetik-coaching\/\">Epigenetik-Coaching<\/a><\/strong> tiefergehende Begleitung f\u00fcr deine ganzheitliche Gesundheit suchst<\/p>\n<\/div><style>.tatsu-rkxKwwaT9xg{border-style: solid;}<\/style><\/li><li  class=\"tatsu-list-content tatsu-Hk-Yvw6a5el   \" ><div class=\"tatsu-list-icon-wrap\" ><i class=\"tatsu-icon tatsu-icon-heart1 \"><\/i><\/div><div class=\"tatsu-list-inner\">\n<p data-prosemirror-content-type=\"node\" data-prosemirror-node-name=\"paragraph\" data-prosemirror-node-block=\"true\">Eine qualifizierte\u00a0<strong><a href=\"https:\/\/staging.aldafea-coaching.de\/index.php\/long-covid-beratung\/\">Long-Covid-Beratung<\/a><\/strong>\u00a0brauchst, wenn du von Long-Covid\/Post-Vac betroffen bist<\/p>\n<\/div><style>.tatsu-Hk-Yvw6a5el{border-style: solid;}<\/style><\/li><\/ul><div  class=\"tatsu-module tatsu-inline-text clearfix tatsu-HkQlF669ee   \" ><style>.tatsu-HkQlF669ee .tatsu-inline-text-inner{width: 100%;text-align: left;}<\/style><div class=\"tatsu-inline-text-inner tatsu-align-center\">\n<p data-prosemirror-content-type=\"node\" data-prosemirror-node-name=\"paragraph\" data-prosemirror-node-block=\"true\">F\u00fcr mich ist ganz klar, dass wir Gesundheitsvorsorge neu denken m\u00fcssen indem wir sie individuell und pers\u00f6nlich gestalten, denn du bist einzigartig!<\/p>\n<\/div><\/div><div  class=\"tatsu-module tatsu-animated-heading-wrap anime_fade_in tatsu-animate tatsu-HJDZB2Rcxe    tatsu-hide-mobile\" data-animation=\"fadeIn\" data-animation-delay=\"2\" data-animation-duration=\"3000\" data-anime-type=\"anime_fade_in\" data-anime-duration=\"30\" ><h4 class=\"tatsu-animated-heading-inner\">Ich freue mich auf dich!<\/h4><style>.tatsu-HJDZB2Rcxe.tatsu-animated-heading-wrap{text-align: center;}.tatsu-HJDZB2Rcxe .tatsu-animated-heading-inner{color: rgba(110,157,154,1) ;}.tatsu-HJDZB2Rcxe .tatsu-animated-heading-line{background: rgba(184,228,227,1);}<\/style><\/div><div  class=\"tatsu-module tatsu-inline-text clearfix tatsu-BJg30L43ee  tatsu-hide-desktop tatsu-hide-laptop tatsu-hide-tablet  \" ><style>.tatsu-BJg30L43ee .tatsu-inline-text-inner{width: 100%;text-align: left;}@media only screen and (max-width: 767px) {.tatsu-BJg30L43ee .tatsu-inline-text-inner{width: 100%;}.tatsu-BJg30L43ee.tatsu-inline-text{margin: 0px 0px 15px 0px;}}<\/style><div class=\"tatsu-inline-text-inner tatsu-align-center\">\n<h4 style=\"text-align: left;\">Ich freue mich<br \/>auf Dich!<\/h4>\n<\/div><\/div><\/div><\/div><div class = \"tatsu-column-bg-image-wrap\"><div class = \"tatsu-column-bg-image\" ><\/div><\/div><\/div><style>.tatsu-row > .tatsu-H1WL4HD3cll.tatsu-column{width: 100%;}.tatsu-H1WL4HD3cll.tatsu-column > .tatsu-column-inner > .tatsu-column-overlay{mix-blend-mode: none;}.tatsu-H1WL4HD3cll > .tatsu-column-inner > .tatsu-top-divider{z-index: 9999;}.tatsu-H1WL4HD3cll > .tatsu-column-inner > .tatsu-bottom-divider{z-index: 9999;}.tatsu-H1WL4HD3cll > .tatsu-column-inner > .tatsu-left-divider{z-index: 9999;}.tatsu-H1WL4HD3cll > .tatsu-column-inner > .tatsu-right-divider{z-index: 9999;}@media only screen and (max-width:1377px) {.tatsu-row > .tatsu-H1WL4HD3cll.tatsu-column{width: 100%;}}@media only screen and (min-width:768px) and (max-width: 1024px) {.tatsu-row > .tatsu-H1WL4HD3cll.tatsu-column{width: 100%;}}@media only screen and (max-width: 767px) {.tatsu-row > .tatsu-H1WL4HD3cll.tatsu-column{width: 100%;}}<\/style><\/div><\/div><\/div><\/div><div class=\"tatsu-section-background-wrap\"><div class = \"tatsu-section-background\" ><\/div><\/div><style>.tatsu-BJINBP35xx .tatsu-section-pad{padding: 0px 0px 158px 0px;}.tatsu-BJINBP35xx > .tatsu-bottom-divider{z-index: 9999;}.tatsu-BJINBP35xx > .tatsu-top-divider{z-index: 9999;}@media only screen and (max-width: 767px) {.tatsu-BJINBP35xx .tatsu-section-pad{padding: 0px 0px 50px 0px;}}<\/style><\/div>\n","protected":false},"excerpt":{"rendered":"<p><a href=\"https:\/\/staging.aldafea-coaching.de\/\" class=\"more-link style1-button\">Weiterlesen<\/a><\/p>","protected":false},"author":2,"featured_media":0,"parent":0,"menu_order":0,"comment_status":"closed","ping_status":"closed","template":"","meta":{"footnotes":""},"class_list":["post-12","page","type-page","status-publish","hentry"],"yoast_head":"<!-- This site is optimized with the Yoast SEO plugin v26.4 - https:\/\/yoast.com\/wordpress\/plugins\/seo\/ -->\n<title>Start - www.aldafea-coaching.de<\/title>\n<meta name=\"description\" content=\"Epigenetik-Coaching &amp; Long-Covid Beratung in Walsrode und Heidekreis, ganzheitlich und individuell - weil jeder Mensch einzigartig ist.\" \/>\n<meta name=\"robots\" content=\"index, follow, max-snippet:-1, max-image-preview:large, max-video-preview:-1\" \/>\n<link rel=\"canonical\" href=\"https:\/\/staging.aldafea-coaching.de\/\" \/>\n<meta property=\"og:locale\" content=\"de_DE\" \/>\n<meta property=\"og:type\" content=\"article\" \/>\n<meta property=\"og:title\" content=\"Start - www.aldafea-coaching.de\" \/>\n<meta property=\"og:description\" content=\"Epigenetik-Coaching &amp; Long-Covid Beratung in Walsrode und Heidekreis, ganzheitlich und individuell - weil jeder Mensch einzigartig ist.\" \/>\n<meta property=\"og:url\" content=\"https:\/\/staging.aldafea-coaching.de\/\" \/>\n<meta property=\"og:site_name\" content=\"www.aldafea-coaching.de\" \/>\n<meta property=\"article:modified_time\" content=\"2025-11-13T08:26:32+00:00\" \/>\n<script type=\"application\/ld+json\" class=\"yoast-schema-graph\">{\"@context\":\"https:\/\/schema.org\",\"@graph\":[{\"@type\":\"WebPage\",\"@id\":\"https:\/\/staging.aldafea-coaching.de\/\",\"url\":\"https:\/\/staging.aldafea-coaching.de\/\",\"name\":\"Start - www.aldafea-coaching.de\",\"isPartOf\":{\"@id\":\"https:\/\/staging.aldafea-coaching.de\/#website\"},\"datePublished\":\"2025-09-07T15:04:42+00:00\",\"dateModified\":\"2025-11-13T08:26:32+00:00\",\"description\":\"Epigenetik-Coaching & Long-Covid Beratung in Walsrode und Heidekreis, ganzheitlich und individuell - weil jeder Mensch einzigartig ist.\",\"breadcrumb\":{\"@id\":\"https:\/\/staging.aldafea-coaching.de\/#breadcrumb\"},\"inLanguage\":\"de\",\"potentialAction\":[{\"@type\":\"ReadAction\",\"target\":[\"https:\/\/staging.aldafea-coaching.de\/\"]}]},{\"@type\":\"BreadcrumbList\",\"@id\":\"https:\/\/staging.aldafea-coaching.de\/#breadcrumb\",\"itemListElement\":[{\"@type\":\"ListItem\",\"position\":1,\"name\":\"Startseite\",\"item\":\"https:\/\/staging.aldafea-coaching.de\/\"},{\"@type\":\"ListItem\",\"position\":2,\"name\":\"Start\"}]},{\"@type\":\"WebSite\",\"@id\":\"https:\/\/staging.aldafea-coaching.de\/#website\",\"url\":\"https:\/\/staging.aldafea-coaching.de\/\",\"name\":\"www.aldafea-coaching.de\",\"description\":\"www.aldafea-coaching.de - ganzheitliche Gesundheitsberatung\",\"potentialAction\":[{\"@type\":\"SearchAction\",\"target\":{\"@type\":\"EntryPoint\",\"urlTemplate\":\"https:\/\/staging.aldafea-coaching.de\/?s={search_term_string}\"},\"query-input\":{\"@type\":\"PropertyValueSpecification\",\"valueRequired\":true,\"valueName\":\"search_term_string\"}}],\"inLanguage\":\"de\"}]}<\/script>\n<!-- \/ Yoast SEO plugin. -->","yoast_head_json":{"title":"Start - www.aldafea-coaching.de","description":"Epigenetik-Coaching & Long-Covid Beratung in Walsrode und Heidekreis, ganzheitlich und individuell - weil jeder Mensch einzigartig ist.","robots":{"index":"index","follow":"follow","max-snippet":"max-snippet:-1","max-image-preview":"max-image-preview:large","max-video-preview":"max-video-preview:-1"},"canonical":"https:\/\/staging.aldafea-coaching.de\/","og_locale":"de_DE","og_type":"article","og_title":"Start - www.aldafea-coaching.de","og_description":"Epigenetik-Coaching & Long-Covid Beratung in Walsrode und Heidekreis, ganzheitlich und individuell - weil jeder Mensch einzigartig ist.","og_url":"https:\/\/staging.aldafea-coaching.de\/","og_site_name":"www.aldafea-coaching.de","article_modified_time":"2025-11-13T08:26:32+00:00","schema":{"@context":"https:\/\/schema.org","@graph":[{"@type":"WebPage","@id":"https:\/\/staging.aldafea-coaching.de\/","url":"https:\/\/staging.aldafea-coaching.de\/","name":"Start - www.aldafea-coaching.de","isPartOf":{"@id":"https:\/\/staging.aldafea-coaching.de\/#website"},"datePublished":"2025-09-07T15:04:42+00:00","dateModified":"2025-11-13T08:26:32+00:00","description":"Epigenetik-Coaching & Long-Covid Beratung in Walsrode und Heidekreis, ganzheitlich und individuell - weil jeder Mensch einzigartig ist.","breadcrumb":{"@id":"https:\/\/staging.aldafea-coaching.de\/#breadcrumb"},"inLanguage":"de","potentialAction":[{"@type":"ReadAction","target":["https:\/\/staging.aldafea-coaching.de\/"]}]},{"@type":"BreadcrumbList","@id":"https:\/\/staging.aldafea-coaching.de\/#breadcrumb","itemListElement":[{"@type":"ListItem","position":1,"name":"Startseite","item":"https:\/\/staging.aldafea-coaching.de\/"},{"@type":"ListItem","position":2,"name":"Start"}]},{"@type":"WebSite","@id":"https:\/\/staging.aldafea-coaching.de\/#website","url":"https:\/\/staging.aldafea-coaching.de\/","name":"www.aldafea-coaching.de","description":"www.aldafea-coaching.de - ganzheitliche Gesundheitsberatung","potentialAction":[{"@type":"SearchAction","target":{"@type":"EntryPoint","urlTemplate":"https:\/\/staging.aldafea-coaching.de\/?s={search_term_string}"},"query-input":{"@type":"PropertyValueSpecification","valueRequired":true,"valueName":"search_term_string"}}],"inLanguage":"de"}]}},"_links":{"self":[{"href":"https:\/\/staging.aldafea-coaching.de\/index.php\/wp-json\/wp\/v2\/pages\/12","targetHints":{"allow":["GET"]}}],"collection":[{"href":"https:\/\/staging.aldafea-coaching.de\/index.php\/wp-json\/wp\/v2\/pages"}],"about":[{"href":"https:\/\/staging.aldafea-coaching.de\/index.php\/wp-json\/wp\/v2\/types\/page"}],"author":[{"embeddable":true,"href":"https:\/\/staging.aldafea-coaching.de\/index.php\/wp-json\/wp\/v2\/users\/2"}],"replies":[{"embeddable":true,"href":"https:\/\/staging.aldafea-coaching.de\/index.php\/wp-json\/wp\/v2\/comments?post=12"}],"version-history":[{"count":63,"href":"https:\/\/staging.aldafea-coaching.de\/index.php\/wp-json\/wp\/v2\/pages\/12\/revisions"}],"predecessor-version":[{"id":582,"href":"https:\/\/staging.aldafea-coaching.de\/index.php\/wp-json\/wp\/v2\/pages\/12\/revisions\/582"}],"wp:attachment":[{"href":"https:\/\/staging.aldafea-coaching.de\/index.php\/wp-json\/wp\/v2\/media?parent=12"}],"curies":[{"name":"wp","href":"https:\/\/api.w.org\/{rel}","templated":true}]}}