{"id":212,"date":"2025-09-15T08:18:58","date_gmt":"2025-09-15T08:18:58","guid":{"rendered":"https:\/\/staging.aldafea-coaching.de\/?page_id=212"},"modified":"2025-11-13T09:29:10","modified_gmt":"2025-11-13T08:29:10","slug":"long-covid-beratung","status":"publish","type":"page","link":"https:\/\/staging.aldafea-coaching.de\/index.php\/long-covid-beratung\/","title":{"rendered":"Long-Covid-Beratung"},"content":{"rendered":"<div  class=\"tatsu-HJZ6zRobsxx tatsu-section  tatsu-bg-overlay   tatsu-clearfix\" data-title=\"\"  data-headerscheme=\"background--dark\"><div class='tatsu-section-pad clearfix' data-padding='{\"d\":\"60px 0px 90px 0px\",\"m\":\"30px 0px 30px 0px\"}' data-padding-top='30px'><div class=\"tatsu-row-wrap  tatsu-wrap tatsu-row-one-col tatsu-row-has-one-cols tatsu-custom-gutter tatsu-reg-cols  tatsu-clearfix tatsu-r1pQk3Wjxx\" ><style>.tatsu-r1pQk3Wjxx.tatsu-row-wrap > .tatsu-row{padding: 0px 15% 0px 15%;}@media only screen and (max-width: 767px) {.tatsu-r1pQk3Wjxx.tatsu-row-wrap > .tatsu-row{padding: 0px 5% 0px 5%;}}<\/style><div  class=\"tatsu-row \" style=\"margin-left:-25px;margin-right:-25px;\"><div  class=\"tatsu-column  tatsu-bg-overlay tatsu-one-col tatsu-column-image-none tatsu-column-effect-none  tatsu-ryxTX1h-ile\"  data-parallax-speed=\"0\" style=\" padding:0 25px;\"><div class=\"tatsu-column-inner \" ><div class=\"tatsu-column-pad-wrap\"><div class=\"tatsu-column-pad\" ><div  class=\"tatsu-module tatsu-inline-text clearfix tatsu-rkz_NBHixg   \" ><style>.tatsu-rkz_NBHixg .tatsu-inline-text-inner{width: 100%;text-align: left;padding: 0px 0% 0px 0%;}.tatsu-rkz_NBHixg.tatsu-inline-text{margin: 0px 0px 20px 0px;}@media only screen and (max-width: 767px) {.tatsu-rkz_NBHixg.tatsu-inline-text .tatsu-inline-text-inner *{text-transform : none;font-size : 20px;}}<\/style><div class=\"tatsu-inline-text-inner tatsu-align-center\">\n<h4>Long-Covid\/PostVac<\/h4>\n<\/div><\/div><div  class=\"tatsu-module tatsu-inline-text clearfix tatsu-rye3ABBigg   \" ><style>.tatsu-rye3ABBigg .tatsu-inline-text-inner{width: 100%;text-align: left;}.tatsu-rye3ABBigg.tatsu-inline-text{margin: 0px 0px 0px 0px;}@media only screen and (max-width: 767px) {.tatsu-rye3ABBigg .tatsu-inline-text-inner{width: 100%;}}<\/style><div class=\"tatsu-inline-text-inner tatsu-align-center\">\n<p style=\"letter-spacing: normal; caret-color: #000000; color: #000000;\" data-prosemirror-content-type=\"node\" data-prosemirror-node-name=\"paragraph\" data-prosemirror-node-block=\"true\" data-pm-slice=\"1 1 &#091;&#093;\"><span class=\"body\">Ein besonderer<\/span><span class=\"body\">&nbsp;Bereich meiner Arbeit besch&auml;ftigt sich mit dem Long-Covid-Ph&auml;nomen, das uns seit der Pandemie immer wieder vor R&auml;tsel und Probleme stellt.<\/span><\/p>\n<p style=\"letter-spacing: normal; caret-color: #000000; color: #000000;\" data-prosemirror-content-type=\"node\" data-prosemirror-node-name=\"paragraph\" data-prosemirror-node-block=\"true\"><span class=\"body\">Ich habe dazu eigens eine Fach-Fortbildung beim anerkannten Experten Florian Schilling nach dem neuesten Stand der Forschung und Therapie abgeschlossen, um dich bei diesem Problem bestm&ouml;glich beraten zu k&ouml;nnen.<\/span><\/p>\n<p style=\"letter-spacing: normal; caret-color: #000000; color: #000000;\" data-prosemirror-content-type=\"node\" data-prosemirror-node-name=\"paragraph\" data-prosemirror-node-block=\"true\"><span class=\"body\">Da LongCovid zu einer Multi-System-Erkrankung geh&ouml;rt, sind die Symptome oft sehr vielschichtig und diffus. Das bedeutet, dass eine eindeutige Zuordnung aufgrund der Symptom-Lage schwierig ist.<\/span><\/p>\n<p style=\"letter-spacing: normal; caret-color: #000000; color: #000000;\" data-prosemirror-content-type=\"node\" data-prosemirror-node-name=\"paragraph\" data-prosemirror-node-block=\"true\"><span class=\"body\">Deswegen ist eine individuelle Beratung und Betreuung zu dem Thema sehr wichtig!<\/span><\/p>\n<\/div><\/div><div  class=\"tatsu-module tatsu-divider-wrap  tatsu-rJzoPUBsgl   \"  ><style>.tatsu-rJzoPUBsgl .tatsu-divider{height: 1px;width: 100%;background: rgba(184,228,227,1);}.tatsu-rJzoPUBsgl.tatsu-divider-wrap{text-align: center;margin: 0px 0px 50px 0px;}@media only screen and (max-width: 767px) {.tatsu-rJzoPUBsgl.tatsu-divider-wrap{margin: 0px 0px 30px 0px;}}<\/style><hr class=\"tatsu-divider\"\/><\/div><div  class=\"tatsu-module tatsu-inline-text clearfix tatsu-SyJYCSroex   \" ><style>.tatsu-SyJYCSroex .tatsu-inline-text-inner{width: 100%;text-align: left;padding: 0px 0% 0px 0%;}.tatsu-SyJYCSroex.tatsu-inline-text{margin: 0px 0px 20px 0px;}@media only screen and (max-width: 767px) {.tatsu-SyJYCSroex.tatsu-inline-text .tatsu-inline-text-inner *{text-transform : none;font-size : 20px;}}<\/style><div class=\"tatsu-inline-text-inner tatsu-align-center\">\n<h4 data-prosemirror-content-type=\"node\" data-prosemirror-node-name=\"paragraph\" data-prosemirror-node-block=\"true\" data-pm-slice=\"1 1 &#091;&#093;\"><span class=\"palette-1\">Folgende K\u00f6rper-Systeme k\u00f6nnen durch diese Krankheit beeintr\u00e4chtig sein<\/span><\/h4>\n<\/div><\/div><ul  class=\"tatsu-module tatsu-list tatsu-SkVYn4SBsgl    tatsu-list-vertical-align-center tatsu-lists-icon\" ><style>.tatsu-SkVYn4SBsgl{margin: 0px 0px 30px 0px;padding: 0px 0% 0px 0%;}.tatsu-SkVYn4SBsgl .tatsu-list-content{margin: 0 0 12px 0px;}.tatsu-SkVYn4SBsgl .tatsu-list-content::before, .tatsu-SkVYn4SBsgl .tatsu-icon{color: rgba(184,228,227,1) ;}<\/style><li  class=\"tatsu-list-content tatsu-B1FnEBrogx   \" ><div class=\"tatsu-list-icon-wrap\" ><i class=\"tatsu-icon icon-heart \"><\/i><\/div><div class=\"tatsu-list-inner\">\n<p data-prosemirror-content-type=\"node\" data-prosemirror-node-name=\"paragraph\" data-prosemirror-node-block=\"true\">Immunsystem<\/p>\n<\/div><style>.tatsu-B1FnEBrogx{border-style: solid;}<\/style><\/li><li  class=\"tatsu-list-content tatsu-rJlt2NHBsxx   \" ><div class=\"tatsu-list-icon-wrap\" ><i class=\"tatsu-icon icon-heart \"><\/i><\/div><div class=\"tatsu-list-inner\">\n<p data-prosemirror-content-type=\"node\" data-prosemirror-node-name=\"paragraph\" data-prosemirror-node-block=\"true\">Kardiovaskul\u00e4re Funktionen<\/p>\n<\/div><style>.tatsu-rJlt2NHBsxx{border-style: solid;}<\/style><\/li><li  class=\"tatsu-list-content tatsu-SkBU6rSoxx   \" ><div class=\"tatsu-list-icon-wrap\" ><i class=\"tatsu-icon icon-heart \"><\/i><\/div><div class=\"tatsu-list-inner\">\n<p data-prosemirror-content-type=\"node\" data-prosemirror-node-name=\"paragraph\" data-prosemirror-node-block=\"true\">Neurologische Funktionen<\/p>\n<\/div><style>.tatsu-SkBU6rSoxx{border-style: solid;}<\/style><\/li><li  class=\"tatsu-list-content tatsu-BJhdaHSjxg   \" ><div class=\"tatsu-list-icon-wrap\" ><i class=\"tatsu-icon icon-heart \"><\/i><\/div><div class=\"tatsu-list-inner\">\n<p data-prosemirror-content-type=\"node\" data-prosemirror-node-name=\"paragraph\" data-prosemirror-node-block=\"true\">Stoffwechselsysteme der Zellen und Mitochondrien<\/p>\n<\/div><style>.tatsu-BJhdaHSjxg{border-style: solid;}<\/style><\/li><li  class=\"tatsu-list-content tatsu-BJ9q6SSsxl   \" ><div class=\"tatsu-list-icon-wrap\" ><i class=\"tatsu-icon icon-heart \"><\/i><\/div><div class=\"tatsu-list-inner\">\n<p data-prosemirror-content-type=\"node\" data-prosemirror-node-name=\"paragraph\" data-prosemirror-node-block=\"true\">Darm (Mikrobiom), Darmbarriere-St\u00f6rung (LeakyGut)<\/p>\n<\/div><style>.tatsu-BJ9q6SSsxl{border-style: solid;}<\/style><\/li><\/ul><div  class=\"tatsu-module tatsu-inline-text clearfix tatsu-ByioeIrseg   \" ><style>.tatsu-ByioeIrseg .tatsu-inline-text-inner{width: 100%;text-align: left;}.tatsu-ByioeIrseg.tatsu-inline-text .tatsu-inline-text-inner *{letter-spacing : 0px;}@media only screen and (max-width: 767px) {.tatsu-ByioeIrseg .tatsu-inline-text-inner{width: 100%;}.tatsu-ByioeIrseg.tatsu-inline-text{margin: 0px 0px 15px 0px;}}<\/style><div class=\"tatsu-inline-text-inner tatsu-align-center\">\n<p data-prosemirror-content-type=\"node\" data-prosemirror-node-name=\"paragraph\" data-prosemirror-node-block=\"true\" data-pm-slice=\"1 1 &#091;&#093;\"><span class=\"body\">Daraus wird ersichtlich, dass quasi alle wichtigen K\u00f6rpersysteme betroffen sein k\u00f6nnen. Umso wichtiger ist, dass wir diese neue Erkrankung entsprechend ernst nehmen.<\/span><\/p>\n<p data-prosemirror-content-type=\"node\" data-prosemirror-node-name=\"paragraph\" data-prosemirror-node-block=\"true\" data-pm-slice=\"1 1 &#091;&#093;\"><span class=\"body\">Meine Aufgabe sehe ich darin, dir mein Wissen zur Verf\u00fcgung zu stellen, damit du zum jetzigen Zeitpunkt bestm\u00f6glich dar\u00fcber informiert bist, und mit Hilfe deines Arztes und Therapeuten die entsprechenden Ma\u00dfnahmen einleiten kannst<\/span><\/p>\n<\/div><\/div><div  class=\"tatsu-module tatsu-inline-text clearfix tatsu-SyV888Hsee   \" ><style>.tatsu-SyV888Hsee .tatsu-inline-text-inner{width: 100%;text-align: left;padding: 0px 0% 0px 0%;}.tatsu-SyV888Hsee.tatsu-inline-text{margin: 0px 0px 20px 0px;}@media only screen and (max-width: 767px) {.tatsu-SyV888Hsee.tatsu-inline-text .tatsu-inline-text-inner *{text-transform : none;font-size : 20px;}}<\/style><div class=\"tatsu-inline-text-inner tatsu-align-center\">\n<h4 data-prosemirror-content-type=\"node\" data-prosemirror-node-name=\"paragraph\" data-prosemirror-node-block=\"true\" data-pm-slice=\"1 1 &#091;&#093;\"><span class=\"palette-1\">Hinweise<\/span><\/h4>\n<\/div><\/div><ul  class=\"tatsu-module tatsu-list tatsu-r1EyRWG2hll    tatsu-list-vertical-align-center tatsu-lists-icon\" ><style>.tatsu-r1EyRWG2hll .tatsu-list-content{margin: 0 0 12px 0px;}.tatsu-r1EyRWG2hll .tatsu-list-content::before, .tatsu-r1EyRWG2hll .tatsu-icon{color: rgba(110,157,154,1) ;}<\/style><li  class=\"tatsu-list-content tatsu-B1yC-G23gg   \" ><div class=\"tatsu-list-icon-wrap\" ><i class=\"tatsu-icon icon-arrow_carrot-right_alt \"><\/i><\/div><div class=\"tatsu-list-inner\">\n<p>Wir ben\u00f6tigen die Unterst\u00fctzung deines Arztes oder Heilpraktikers f\u00fcr die Umsetzung der n\u00f6tigen oft unkonventionellen Labor-Diagnostik und die entsprechenden Therapiekonzepte.<\/p>\n<\/div><style>.tatsu-B1yC-G23gg{border-style: solid;}<\/style><\/li><li  class=\"tatsu-list-content tatsu-SJxJAWz2nee   \" ><div class=\"tatsu-list-icon-wrap\" ><i class=\"tatsu-icon icon-arrow_carrot-right_alt \"><\/i><\/div><div class=\"tatsu-list-inner\">\n<p>Da es sich bei LongCovid um ein sehr komplexes Thema mit vielen Fachinformationen handelt, ist hier ein schriftlicher Austausch in der Regel am sinnvollsten.<\/p>\n<\/div><style>.tatsu-SJxJAWz2nee{border-style: solid;}<\/style><\/li><\/ul><div  class=\"tatsu-module tatsu-inline-text clearfix tatsu-HJNM3zy1ogx   \" ><style>.tatsu-HJNM3zy1ogx .tatsu-inline-text-inner{width: 100%;text-align: left;padding: 0px 0% 0px 0%;}.tatsu-HJNM3zy1ogx.tatsu-inline-text{margin: 0px 0px 20px 0px;}@media only screen and (max-width: 767px) {.tatsu-HJNM3zy1ogx.tatsu-inline-text .tatsu-inline-text-inner *{text-transform : none;font-size : 20px;}}<\/style><div class=\"tatsu-inline-text-inner tatsu-align-center\">\n<h4 data-prosemirror-content-type=\"node\" data-prosemirror-node-name=\"paragraph\" data-prosemirror-node-block=\"true\" data-pm-slice=\"1 1 &#091;&#093;\">Wieviel kostet eine Long-Covid-Beratung<\/h4>\n<\/div><\/div><ul  class=\"tatsu-module tatsu-list tatsu-rkA7UHHjxx    tatsu-list-vertical-align-center tatsu-lists-icon\" ><style>.tatsu-rkA7UHHjxx{margin: 0px 0px 0px 0px;padding: 0px 0% 0px 0%;}.tatsu-rkA7UHHjxx .tatsu-list-content{margin: 0 0 12px 0px;}.tatsu-rkA7UHHjxx .tatsu-list-content::before, .tatsu-rkA7UHHjxx .tatsu-icon{color: rgba(110,157,154,1) ;}@media only screen and (max-width: 767px) {.tatsu-rkA7UHHjxx{padding: 0px 0% 15px 0%;}}<\/style><li  class=\"tatsu-list-content tatsu-Bk93zLHjxl   \" ><div class=\"tatsu-list-icon-wrap\" ><i class=\"tatsu-icon icon-icon_phone \"><\/i><\/div><div class=\"tatsu-list-inner\">\n<p data-prosemirror-content-type=\"node\" data-prosemirror-node-name=\"paragraph\" data-prosemirror-node-block=\"true\" data-pm-slice=\"1 1 &#091;\">Beratung &#8211; per Telefon: 60 min \u2023 60 \u20ac<\/p>\n<\/div><style>.tatsu-Bk93zLHjxl{border-style: solid;}<\/style><\/li><li  class=\"tatsu-list-content tatsu-S1-AQISBjxg   \" ><div class=\"tatsu-list-icon-wrap\" ><i class=\"tatsu-icon icon-screen \"><\/i><\/div><div class=\"tatsu-list-inner\">\n<p data-prosemirror-content-type=\"node\" data-prosemirror-node-name=\"paragraph\" data-prosemirror-node-block=\"true\" data-pm-slice=\"1 1 &#091;\">Beratung &#8211; per Chat: 60 min \u2023 60 \u20ac<\/p>\n<\/div><style>.tatsu-S1-AQISBjxg{border-style: solid;}<\/style><\/li><li  class=\"tatsu-list-content tatsu-r1-ZDrHile   \" ><div class=\"tatsu-list-icon-wrap\" ><i class=\"tatsu-icon icon-icon_group \"><\/i><\/div><div class=\"tatsu-list-inner\">\n<p data-prosemirror-content-type=\"node\" data-prosemirror-node-name=\"paragraph\" data-prosemirror-node-block=\"true\" data-pm-slice=\"1 1 &#091;\">Beratung &#8211; Vor-Ort : 60 min \u2023 60 \u20ac<\/p>\n<\/div><style>.tatsu-r1-ZDrHile{border-style: solid;}<\/style><\/li><li  class=\"tatsu-list-content tatsu-H11pNznnle   \" ><div class=\"tatsu-list-icon-wrap\" ><i class=\"tatsu-icon fa fa-envelope \"><\/i><\/div><div class=\"tatsu-list-inner\">\n<p data-prosemirror-content-type=\"node\" data-prosemirror-node-name=\"paragraph\" data-prosemirror-node-block=\"true\" data-pm-slice=\"1 1 &#091;\">Beratung &#8211; per E-Mail: 60 min \u2023 60 \u20ac<\/p>\n<\/div><style>.tatsu-H11pNznnle{border-style: solid;}<\/style><\/li><\/ul><div  class=\"tatsu-module tatsu-normal-button tatsu-button-wrap align-block block-center  tatsu-BkyaOrHolx   \"><a class=\"tatsu-shortcode mediumbtn tatsu-button left-icon rounded   bg-animation-none  \" href=\"https:\/\/staging.aldafea-coaching.de\/index.php\/terminbuchung\/\" style= \"\"  aria-label=\"Terminbuchung\" data-gdpr-atts={} >Terminbuchung<\/a><style>.tatsu-BkyaOrHolx .tatsu-button{background-color: rgba(184,228,227,1);color: rgba(101,85,65,1) ;}.tatsu-BkyaOrHolx.tatsu-normal-button{margin: 0px 0px 15px 0px;}.tatsu-BkyaOrHolx{padding: 0px 0px 1px 0px;}<\/style><\/div><div  class=\"tatsu-module tatsu-gradient-icon tatsu-icon-shortcode align-center tatsu-HJlQrdr3eg transparent-bg   \">\n\t\t\t\t<a href=\"#\" class=\"tatsu-icon-bg tatsu-custom-icon-bg small plain    \"  data-gdpr-atts={} >\n\t\t\t\t\t<i class=\"tatsu-icon fa fa-heart default\"><\/i>\n\t\t\t\t\t<i class=\"tatsu-icon fa fa-heart hover\"><\/i>\n\t\t\t\t<\/a>\n            <style>.tatsu-HJlQrdr3eg .tatsu-icon.default{color: rgba(184,228,227,1) ;}.tatsu-HJlQrdr3eg .tatsu-icon.hover{color: rgba(184,228,227,1) ;}<\/style>\n\t\t<\/div><\/div><\/div><div class = \"tatsu-column-bg-image-wrap\"><div class = \"tatsu-column-bg-image\" ><\/div><\/div><div class=\"tatsu-overlay tatsu-column-overlay tatsu-animate-none\" ><\/div><\/div><style>.tatsu-row > .tatsu-ryxTX1h-ile.tatsu-column{width: 100%;}.tatsu-ryxTX1h-ile.tatsu-column > .tatsu-column-inner > .tatsu-column-overlay{mix-blend-mode: normal;}.tatsu-ryxTX1h-ile > .tatsu-column-inner > .tatsu-top-divider{z-index: 9999;}.tatsu-ryxTX1h-ile > .tatsu-column-inner > .tatsu-bottom-divider{z-index: 9999;}.tatsu-ryxTX1h-ile > .tatsu-column-inner > .tatsu-left-divider{z-index: 9999;}.tatsu-ryxTX1h-ile > .tatsu-column-inner > .tatsu-right-divider{z-index: 9999;}@media only screen and (max-width:1377px) {.tatsu-row > .tatsu-ryxTX1h-ile.tatsu-column{width: 100%;}}@media only screen and (min-width:768px) and (max-width: 1024px) {.tatsu-row > .tatsu-ryxTX1h-ile.tatsu-column{width: 100%;}}@media only screen and (max-width: 767px) {.tatsu-row > .tatsu-ryxTX1h-ile.tatsu-column{width: 100%;}}<\/style><\/div><\/div><\/div><\/div><div class=\"tatsu-section-background-wrap\"><div class = \"tatsu-section-background\" ><\/div><\/div><div class=\"tatsu-overlay tatsu-section-overlay\"><\/div><style>.tatsu-HJZ6zRobsxx{border-width: 1px 0px 0px 0px;border-color: rgba(184,228,227,1); border-style: solid;}.tatsu-HJZ6zRobsxx .tatsu-section-pad{padding: 60px 0px 90px 0px;}.tatsu-HJZ6zRobsxx .tatsu-section-offset-wrap{transform: translateY(-0px);}.tatsu-HJZ6zRobsxx > .tatsu-bottom-divider{z-index: 9999;}.tatsu-HJZ6zRobsxx > .tatsu-top-divider{z-index: 9999;}.tatsu-HJZ6zRobsxx .tatsu-section-overlay{mix-blend-mode: normal;}@media only screen and (max-width: 767px) {.tatsu-HJZ6zRobsxx .tatsu-section-pad{padding: 30px 0px 30px 0px;}}<\/style><\/div>\n","protected":false},"excerpt":{"rendered":"<p><a href=\"https:\/\/staging.aldafea-coaching.de\/index.php\/long-covid-beratung\/\" class=\"more-link style1-button\">Weiterlesen<\/a><\/p>","protected":false},"author":2,"featured_media":0,"parent":0,"menu_order":0,"comment_status":"closed","ping_status":"closed","template":"","meta":{"footnotes":""},"class_list":["post-212","page","type-page","status-publish","hentry"],"yoast_head":"<!-- This site is optimized with the Yoast SEO plugin v26.4 - https:\/\/yoast.com\/wordpress\/plugins\/seo\/ -->\n<title>Long-Covid-Beratung - www.aldafea-coaching.de<\/title>\n<meta name=\"description\" content=\"Long-Covid-Beratung in Walsrode und Heidekreis. Dein ganzheitlich und individuell begleiteter Weg aus der Ersch\u00f6pfung zur\u00fcck in deine Kraft.\" \/>\n<meta name=\"robots\" content=\"index, follow, max-snippet:-1, max-image-preview:large, max-video-preview:-1\" \/>\n<link rel=\"canonical\" href=\"https:\/\/staging.aldafea-coaching.de\/index.php\/long-covid-beratung\/\" \/>\n<meta property=\"og:locale\" content=\"de_DE\" \/>\n<meta property=\"og:type\" content=\"article\" \/>\n<meta property=\"og:title\" content=\"Long-Covid-Beratung - www.aldafea-coaching.de\" \/>\n<meta property=\"og:description\" content=\"Long-Covid-Beratung in Walsrode und Heidekreis. Dein ganzheitlich und individuell begleiteter Weg aus der Ersch\u00f6pfung zur\u00fcck in deine Kraft.\" \/>\n<meta property=\"og:url\" content=\"https:\/\/staging.aldafea-coaching.de\/index.php\/long-covid-beratung\/\" \/>\n<meta property=\"og:site_name\" content=\"www.aldafea-coaching.de\" \/>\n<meta property=\"article:modified_time\" content=\"2025-11-13T08:29:10+00:00\" \/>\n<script type=\"application\/ld+json\" class=\"yoast-schema-graph\">{\"@context\":\"https:\/\/schema.org\",\"@graph\":[{\"@type\":\"WebPage\",\"@id\":\"https:\/\/staging.aldafea-coaching.de\/index.php\/long-covid-beratung\/\",\"url\":\"https:\/\/staging.aldafea-coaching.de\/index.php\/long-covid-beratung\/\",\"name\":\"Long-Covid-Beratung - www.aldafea-coaching.de\",\"isPartOf\":{\"@id\":\"https:\/\/staging.aldafea-coaching.de\/#website\"},\"datePublished\":\"2025-09-15T08:18:58+00:00\",\"dateModified\":\"2025-11-13T08:29:10+00:00\",\"description\":\"Long-Covid-Beratung in Walsrode und Heidekreis. Dein ganzheitlich und individuell begleiteter Weg aus der Ersch\u00f6pfung zur\u00fcck in deine Kraft.\",\"breadcrumb\":{\"@id\":\"https:\/\/staging.aldafea-coaching.de\/index.php\/long-covid-beratung\/#breadcrumb\"},\"inLanguage\":\"de\",\"potentialAction\":[{\"@type\":\"ReadAction\",\"target\":[\"https:\/\/staging.aldafea-coaching.de\/index.php\/long-covid-beratung\/\"]}]},{\"@type\":\"BreadcrumbList\",\"@id\":\"https:\/\/staging.aldafea-coaching.de\/index.php\/long-covid-beratung\/#breadcrumb\",\"itemListElement\":[{\"@type\":\"ListItem\",\"position\":1,\"name\":\"Startseite\",\"item\":\"https:\/\/staging.aldafea-coaching.de\/\"},{\"@type\":\"ListItem\",\"position\":2,\"name\":\"Long-Covid-Beratung\"}]},{\"@type\":\"WebSite\",\"@id\":\"https:\/\/staging.aldafea-coaching.de\/#website\",\"url\":\"https:\/\/staging.aldafea-coaching.de\/\",\"name\":\"www.aldafea-coaching.de\",\"description\":\"www.aldafea-coaching.de - ganzheitliche Gesundheitsberatung\",\"potentialAction\":[{\"@type\":\"SearchAction\",\"target\":{\"@type\":\"EntryPoint\",\"urlTemplate\":\"https:\/\/staging.aldafea-coaching.de\/?s={search_term_string}\"},\"query-input\":{\"@type\":\"PropertyValueSpecification\",\"valueRequired\":true,\"valueName\":\"search_term_string\"}}],\"inLanguage\":\"de\"}]}<\/script>\n<!-- \/ Yoast SEO plugin. -->","yoast_head_json":{"title":"Long-Covid-Beratung - www.aldafea-coaching.de","description":"Long-Covid-Beratung in Walsrode und Heidekreis. Dein ganzheitlich und individuell begleiteter Weg aus der Ersch\u00f6pfung zur\u00fcck in deine Kraft.","robots":{"index":"index","follow":"follow","max-snippet":"max-snippet:-1","max-image-preview":"max-image-preview:large","max-video-preview":"max-video-preview:-1"},"canonical":"https:\/\/staging.aldafea-coaching.de\/index.php\/long-covid-beratung\/","og_locale":"de_DE","og_type":"article","og_title":"Long-Covid-Beratung - www.aldafea-coaching.de","og_description":"Long-Covid-Beratung in Walsrode und Heidekreis. Dein ganzheitlich und individuell begleiteter Weg aus der Ersch\u00f6pfung zur\u00fcck in deine Kraft.","og_url":"https:\/\/staging.aldafea-coaching.de\/index.php\/long-covid-beratung\/","og_site_name":"www.aldafea-coaching.de","article_modified_time":"2025-11-13T08:29:10+00:00","schema":{"@context":"https:\/\/schema.org","@graph":[{"@type":"WebPage","@id":"https:\/\/staging.aldafea-coaching.de\/index.php\/long-covid-beratung\/","url":"https:\/\/staging.aldafea-coaching.de\/index.php\/long-covid-beratung\/","name":"Long-Covid-Beratung - www.aldafea-coaching.de","isPartOf":{"@id":"https:\/\/staging.aldafea-coaching.de\/#website"},"datePublished":"2025-09-15T08:18:58+00:00","dateModified":"2025-11-13T08:29:10+00:00","description":"Long-Covid-Beratung in Walsrode und Heidekreis. Dein ganzheitlich und individuell begleiteter Weg aus der Ersch\u00f6pfung zur\u00fcck in deine Kraft.","breadcrumb":{"@id":"https:\/\/staging.aldafea-coaching.de\/index.php\/long-covid-beratung\/#breadcrumb"},"inLanguage":"de","potentialAction":[{"@type":"ReadAction","target":["https:\/\/staging.aldafea-coaching.de\/index.php\/long-covid-beratung\/"]}]},{"@type":"BreadcrumbList","@id":"https:\/\/staging.aldafea-coaching.de\/index.php\/long-covid-beratung\/#breadcrumb","itemListElement":[{"@type":"ListItem","position":1,"name":"Startseite","item":"https:\/\/staging.aldafea-coaching.de\/"},{"@type":"ListItem","position":2,"name":"Long-Covid-Beratung"}]},{"@type":"WebSite","@id":"https:\/\/staging.aldafea-coaching.de\/#website","url":"https:\/\/staging.aldafea-coaching.de\/","name":"www.aldafea-coaching.de","description":"www.aldafea-coaching.de - ganzheitliche Gesundheitsberatung","potentialAction":[{"@type":"SearchAction","target":{"@type":"EntryPoint","urlTemplate":"https:\/\/staging.aldafea-coaching.de\/?s={search_term_string}"},"query-input":{"@type":"PropertyValueSpecification","valueRequired":true,"valueName":"search_term_string"}}],"inLanguage":"de"}]}},"_links":{"self":[{"href":"https:\/\/staging.aldafea-coaching.de\/index.php\/wp-json\/wp\/v2\/pages\/212","targetHints":{"allow":["GET"]}}],"collection":[{"href":"https:\/\/staging.aldafea-coaching.de\/index.php\/wp-json\/wp\/v2\/pages"}],"about":[{"href":"https:\/\/staging.aldafea-coaching.de\/index.php\/wp-json\/wp\/v2\/types\/page"}],"author":[{"embeddable":true,"href":"https:\/\/staging.aldafea-coaching.de\/index.php\/wp-json\/wp\/v2\/users\/2"}],"replies":[{"embeddable":true,"href":"https:\/\/staging.aldafea-coaching.de\/index.php\/wp-json\/wp\/v2\/comments?post=212"}],"version-history":[{"count":54,"href":"https:\/\/staging.aldafea-coaching.de\/index.php\/wp-json\/wp\/v2\/pages\/212\/revisions"}],"predecessor-version":[{"id":665,"href":"https:\/\/staging.aldafea-coaching.de\/index.php\/wp-json\/wp\/v2\/pages\/212\/revisions\/665"}],"wp:attachment":[{"href":"https:\/\/staging.aldafea-coaching.de\/index.php\/wp-json\/wp\/v2\/media?parent=212"}],"curies":[{"name":"wp","href":"https:\/\/api.w.org\/{rel}","templated":true}]}}