{"id":81,"date":"2025-09-10T20:07:32","date_gmt":"2025-09-10T20:07:32","guid":{"rendered":"https:\/\/staging.aldafea-coaching.de\/?page_id=81"},"modified":"2025-11-13T09:27:51","modified_gmt":"2025-11-13T08:27:51","slug":"impuls-gesprach","status":"publish","type":"page","link":"https:\/\/staging.aldafea-coaching.de\/index.php\/impuls-gesprach\/","title":{"rendered":"Impuls-Gespr\u00e4ch"},"content":{"rendered":"<div  class=\"tatsu-HJZ6zRobsxx tatsu-section  tatsu-bg-overlay   tatsu-clearfix\" data-title=\"\"  data-headerscheme=\"background--dark\"><div class='tatsu-section-pad clearfix' data-padding='{\"d\":\"60px 0px 90px 0px\",\"m\":\"30px 0px 30px 0px\"}' data-padding-top='30px'><div class=\"tatsu-row-wrap  tatsu-wrap tatsu-row-one-col tatsu-row-has-one-cols tatsu-custom-gutter tatsu-reg-cols  tatsu-clearfix tatsu-r1pQk3Wjxx\" ><style>.tatsu-r1pQk3Wjxx.tatsu-row-wrap > .tatsu-row{padding: 0px 15% 0px 15%;}@media only screen and (max-width: 767px) {.tatsu-r1pQk3Wjxx.tatsu-row-wrap > .tatsu-row{padding: 0px 5% 0px 5%;}}<\/style><div  class=\"tatsu-row \" style=\"margin-left:-25px;margin-right:-25px;\"><div  class=\"tatsu-column  tatsu-bg-overlay tatsu-one-col tatsu-column-image-none tatsu-column-effect-none  tatsu-ryxTX1h-ile\"  data-parallax-speed=\"0\" style=\" padding:0 25px;\"><div class=\"tatsu-column-inner \" ><div class=\"tatsu-column-pad-wrap\"><div class=\"tatsu-column-pad\" ><div  class=\"tatsu-module tatsu-inline-text clearfix tatsu-BJudBHSslx   \" ><style>.tatsu-BJudBHSslx .tatsu-inline-text-inner{width: 100%;text-align: left;padding: 0px 0% 0px 0%;}.tatsu-BJudBHSslx.tatsu-inline-text{margin: 0px 0px 0px 0px;}@media only screen and (max-width: 767px) {.tatsu-BJudBHSslx.tatsu-inline-text .tatsu-inline-text-inner *{text-transform : none;}}<\/style><div class=\"tatsu-inline-text-inner tatsu-align-center\">\n<h4>Impuls-Gespr&auml;ch<\/h4>\n<p data-prosemirror-content-type=\"node\" data-prosemirror-node-name=\"paragraph\" data-prosemirror-node-block=\"true\" data-pm-slice=\"1 1 &#091;&#093;\">Das Impuls-Gespr&auml;ch ist eine einfache Sprechstunde, in der du ohne Anamnese oder Analyse deiner Lebenssituation &uuml;ber ein Thema, dass dich zurzeit bewegt oder bedr&uuml;ckt sprechen kannst.<\/p>\n<p data-prosemirror-content-type=\"node\" data-prosemirror-node-name=\"paragraph\" data-prosemirror-node-block=\"true\">Manchmal hilft es schon, einfach mal frei heraus erz&auml;hlen zu k&ouml;nnen, und ein Gegen&uuml;ber zu haben, das unvoreingenommen und wertsch&auml;tzend zu h&ouml;rt.<\/p>\n<p data-prosemirror-content-type=\"node\" data-prosemirror-node-name=\"paragraph\" data-prosemirror-node-block=\"true\">Und wer wei&szlig; vielleicht erarbeiten wir gemeinsam einen neuen Impuls, der dir hilft aus einer anderen Perspektive auf deine Situation zu schauen und eigene L&ouml;sungen zu finden.<\/p>\n<\/div><\/div><div  class=\"tatsu-module tatsu-divider-wrap  tatsu-ByOvdIrsxe   \"  ><style>.tatsu-ByOvdIrsxe .tatsu-divider{height: 1px;width: 100%;background: rgba(184,228,227,1);}.tatsu-ByOvdIrsxe.tatsu-divider-wrap{text-align: left;margin: 0px 0px 50px 0px;}<\/style><hr class=\"tatsu-divider\"\/><\/div><div  class=\"tatsu-module tatsu-inline-text clearfix tatsu-rkz_NBHixg   \" ><style>.tatsu-rkz_NBHixg .tatsu-inline-text-inner{width: 100%;text-align: left;padding: 0px 0% 0px 0%;}.tatsu-rkz_NBHixg.tatsu-inline-text{margin: 0px 0px 20px 0px;}@media only screen and (max-width: 767px) {.tatsu-rkz_NBHixg.tatsu-inline-text .tatsu-inline-text-inner *{font-size : 20px;}}<\/style><div class=\"tatsu-inline-text-inner tatsu-align-center\">\n<h4 data-prosemirror-content-type=\"node\" data-prosemirror-node-name=\"paragraph\" data-prosemirror-node-block=\"true\" data-pm-slice=\"1 1 &#091;&#093;\"><span class=\"palette-1\">Die Antwort auf zwei Fragen k\u00f6nntest du dir vorher \u00fcberlegen<\/span><\/h4>\n<\/div><\/div><ul  class=\"tatsu-module tatsu-list tatsu-SkVYn4SBsgl    tatsu-list-vertical-align-center tatsu-lists-icon\" ><style>.tatsu-SkVYn4SBsgl{margin: 0px 0px 30px 0px;padding: 0px 0% 0px 0%;}.tatsu-SkVYn4SBsgl .tatsu-list-content{margin: 0 0 12px 0px;}.tatsu-SkVYn4SBsgl .tatsu-list-content::before, .tatsu-SkVYn4SBsgl .tatsu-icon{color: rgba(184,228,227,1) ;}<\/style><li  class=\"tatsu-list-content tatsu-B1FnEBrogx   \" ><div class=\"tatsu-list-icon-wrap\" ><i class=\"tatsu-icon icon-heart \"><\/i><\/div><div class=\"tatsu-list-inner\">\n<p data-prosemirror-content-type=\"node\" data-prosemirror-node-name=\"paragraph\" data-prosemirror-node-block=\"true\" data-pm-slice=\"1 1 &#091;\"bulletList\",{\"localId\":null},\"listItem\",{\"localId\":null}&#093;\">Was bedr\u00fcckt\/belastet mich gerade am meisten?<\/p>\n<\/div><style>.tatsu-B1FnEBrogx{border-style: solid;}<\/style><\/li><li  class=\"tatsu-list-content tatsu-rJlt2NHBsxx   \" ><div class=\"tatsu-list-icon-wrap\" ><i class=\"tatsu-icon icon-heart \"><\/i><\/div><div class=\"tatsu-list-inner\">\n<p data-prosemirror-content-type=\"node\" data-prosemirror-node-name=\"paragraph\" data-prosemirror-node-block=\"true\" data-pm-slice=\"1 1 &#091;\"bulletList\",{\"localId\":null},\"listItem\",{\"localId\":null}&#093;\">Wonach sehne ich mich gerade am meisten\/ Was w\u00fcrde ich mir am meisten w\u00fcnschen?<\/p>\n<\/div><style>.tatsu-rJlt2NHBsxx{border-style: solid;}<\/style><\/li><\/ul><div  class=\"tatsu-module tatsu-inline-text clearfix tatsu-HJNM3zy1ogx   \" ><style>.tatsu-HJNM3zy1ogx .tatsu-inline-text-inner{width: 100%;text-align: left;padding: 0px 0% 0px 0%;}.tatsu-HJNM3zy1ogx.tatsu-inline-text{margin: 0px 0px 20px 0px;}@media only screen and (max-width: 767px) {.tatsu-HJNM3zy1ogx.tatsu-inline-text .tatsu-inline-text-inner *{text-transform : none;font-size : 20px;}}<\/style><div class=\"tatsu-inline-text-inner tatsu-align-center\">\n<h4 style=\"margin-bottom: 15px; background-image: none; letter-spacing: normal;\"><span class=\"palette-1\">Was kostet ein Impuls-Gespr&auml;ch<\/span><\/h4>\n<\/div><\/div><ul  class=\"tatsu-module tatsu-list tatsu-rkA7UHHjxx    tatsu-list-vertical-align-center tatsu-lists-icon\" ><style>.tatsu-rkA7UHHjxx{margin: 0px 0px 30px 0px;padding: 0px 0% 0px 0%;}.tatsu-rkA7UHHjxx .tatsu-list-content{margin: 0 0 12px 0px;}.tatsu-rkA7UHHjxx .tatsu-list-content::before, .tatsu-rkA7UHHjxx .tatsu-icon{color: rgba(110,157,154,1) ;}<\/style><li  class=\"tatsu-list-content tatsu-HyeAm8BHigx   \" ><div class=\"tatsu-list-icon-wrap\" ><i class=\"tatsu-icon icon-icon_phone \"><\/i><\/div><div class=\"tatsu-list-inner\">\n<p data-prosemirror-content-type=\"node\" data-prosemirror-node-name=\"paragraph\" data-prosemirror-node-block=\"true\" data-pm-slice=\"1 1 &#091;\"><strong>Telefonische Beratung<\/strong><br \/>60 min \u2023 60 \u20ac\u00a0<\/p>\n<\/div><style>.tatsu-HyeAm8BHigx{border-style: solid;}<\/style><\/li><li  class=\"tatsu-list-content tatsu-S1-AQISBjxg   \" ><div class=\"tatsu-list-icon-wrap\" ><i class=\"tatsu-icon icon-screen \"><\/i><\/div><div class=\"tatsu-list-inner\">\n<p data-prosemirror-content-type=\"node\" data-prosemirror-node-name=\"paragraph\" data-prosemirror-node-block=\"true\" data-pm-slice=\"1 1 &#091;\"><strong>Online-Beratung per Chat<\/strong><br \/>60 min \u2023 60 \u20ac\u00a0<\/p>\n<\/div><style>.tatsu-S1-AQISBjxg{border-style: solid;}<\/style><\/li><li  class=\"tatsu-list-content tatsu-r1-ZDrHile   \" ><div class=\"tatsu-list-icon-wrap\" ><i class=\"tatsu-icon icon-icon_group \"><\/i><\/div><div class=\"tatsu-list-inner\">\n<p data-prosemirror-content-type=\"node\" data-prosemirror-node-name=\"paragraph\" data-prosemirror-node-block=\"true\" data-pm-slice=\"1 1 &#091;\"><strong>Vor-Ort Beratung<\/strong><br \/>60 min \u2023 60 \u20ac\u00a0<\/p>\n<\/div><style>.tatsu-r1-ZDrHile{border-style: solid;}<\/style><\/li><\/ul><div  class=\"tatsu-module tatsu-normal-button tatsu-button-wrap align-block block-center  tatsu-BkyaOrHolx   \"><a class=\"tatsu-shortcode mediumbtn tatsu-button left-icon rounded   bg-animation-none  \" href=\"#\" style= \"\"  aria-label=\"Terminbuchung\" data-gdpr-atts={} >Terminbuchung<\/a><style>.tatsu-BkyaOrHolx .tatsu-button{background-color: rgba(184,228,227,1);color: rgba(101,85,65,1) ;}.tatsu-BkyaOrHolx.tatsu-normal-button{margin: 0px 0px 15px 0px;}.tatsu-BkyaOrHolx{padding: 0px 0px 1px 0px;}<\/style><\/div><div  class=\"tatsu-module tatsu-gradient-icon tatsu-icon-shortcode align-center tatsu-B1jAZ2-sgg transparent-bg   \">\n\t\t\t\t<a href=\"#\" class=\"tatsu-icon-bg tatsu-custom-icon-bg small plain    \"  data-gdpr-atts={} >\n\t\t\t\t\t<i class=\"tatsu-icon fa fa-heart default\"><\/i>\n\t\t\t\t\t<i class=\"tatsu-icon fa fa-heart hover\"><\/i>\n\t\t\t\t<\/a>\n            <style>.tatsu-B1jAZ2-sgg .tatsu-icon.default{color: rgba(184,228,227,1) ;}.tatsu-B1jAZ2-sgg .tatsu-icon.hover{color: rgba(184,228,227,1) ;}<\/style>\n\t\t<\/div><\/div><\/div><div class = \"tatsu-column-bg-image-wrap\"><div class = \"tatsu-column-bg-image\" ><\/div><\/div><div class=\"tatsu-overlay tatsu-column-overlay tatsu-animate-none\" ><\/div><\/div><style>.tatsu-row > .tatsu-ryxTX1h-ile.tatsu-column{width: 100%;}.tatsu-ryxTX1h-ile.tatsu-column > .tatsu-column-inner > .tatsu-column-overlay{mix-blend-mode: normal;}.tatsu-ryxTX1h-ile > .tatsu-column-inner > .tatsu-top-divider{z-index: 9999;}.tatsu-ryxTX1h-ile > .tatsu-column-inner > .tatsu-bottom-divider{z-index: 9999;}.tatsu-ryxTX1h-ile > .tatsu-column-inner > .tatsu-left-divider{z-index: 9999;}.tatsu-ryxTX1h-ile > .tatsu-column-inner > .tatsu-right-divider{z-index: 9999;}@media only screen and (max-width:1377px) {.tatsu-row > .tatsu-ryxTX1h-ile.tatsu-column{width: 100%;}}@media only screen and (min-width:768px) and (max-width: 1024px) {.tatsu-row > .tatsu-ryxTX1h-ile.tatsu-column{width: 100%;}}@media only screen and (max-width: 767px) {.tatsu-row > .tatsu-ryxTX1h-ile.tatsu-column{width: 100%;}}<\/style><\/div><\/div><\/div><\/div><div class=\"tatsu-section-background-wrap\"><div class = \"tatsu-section-background\" ><\/div><\/div><div class=\"tatsu-overlay tatsu-section-overlay\"><\/div><style>.tatsu-HJZ6zRobsxx{border-width: 1px 0px 0px 0px;border-color: rgba(184,228,227,1); border-style: solid;}.tatsu-HJZ6zRobsxx .tatsu-section-pad{padding: 60px 0px 90px 0px;}.tatsu-HJZ6zRobsxx .tatsu-section-offset-wrap{transform: translateY(-0px);}.tatsu-HJZ6zRobsxx > .tatsu-bottom-divider{z-index: 9999;}.tatsu-HJZ6zRobsxx > .tatsu-top-divider{z-index: 9999;}.tatsu-HJZ6zRobsxx .tatsu-section-overlay{mix-blend-mode: normal;}@media only screen and (max-width: 767px) {.tatsu-HJZ6zRobsxx .tatsu-section-pad{padding: 30px 0px 30px 0px;}}<\/style><\/div>\n","protected":false},"excerpt":{"rendered":"<p><a href=\"https:\/\/staging.aldafea-coaching.de\/index.php\/impuls-gesprach\/\" class=\"more-link style1-button\">Weiterlesen<\/a><\/p>","protected":false},"author":2,"featured_media":0,"parent":0,"menu_order":0,"comment_status":"closed","ping_status":"closed","template":"","meta":{"footnotes":""},"class_list":["post-81","page","type-page","status-publish","hentry"],"yoast_head":"<!-- This site is optimized with the Yoast SEO plugin v26.4 - https:\/\/yoast.com\/wordpress\/plugins\/seo\/ -->\n<title>Impuls-Gespr\u00e4ch - www.aldafea-coaching.de<\/title>\n<meta name=\"description\" content=\"Im Impuls-Gespr\u00e4ch findest du ein offenes Gegen\u00fcber, das dir hilft neue Perspektiven einzunehmen und eigenst\u00e4ndige L\u00f6sungen zu finden.\" \/>\n<meta name=\"robots\" content=\"index, follow, max-snippet:-1, max-image-preview:large, max-video-preview:-1\" \/>\n<link rel=\"canonical\" href=\"https:\/\/staging.aldafea-coaching.de\/index.php\/impuls-gesprach\/\" \/>\n<meta property=\"og:locale\" content=\"de_DE\" \/>\n<meta property=\"og:type\" content=\"article\" \/>\n<meta property=\"og:title\" content=\"Impuls-Gespr\u00e4ch - www.aldafea-coaching.de\" \/>\n<meta property=\"og:description\" content=\"Im Impuls-Gespr\u00e4ch findest du ein offenes Gegen\u00fcber, das dir hilft neue Perspektiven einzunehmen und eigenst\u00e4ndige L\u00f6sungen zu finden.\" \/>\n<meta property=\"og:url\" content=\"https:\/\/staging.aldafea-coaching.de\/index.php\/impuls-gesprach\/\" \/>\n<meta property=\"og:site_name\" content=\"www.aldafea-coaching.de\" \/>\n<meta property=\"article:modified_time\" content=\"2025-11-13T08:27:51+00:00\" \/>\n<script type=\"application\/ld+json\" class=\"yoast-schema-graph\">{\"@context\":\"https:\/\/schema.org\",\"@graph\":[{\"@type\":\"WebPage\",\"@id\":\"https:\/\/staging.aldafea-coaching.de\/index.php\/impuls-gesprach\/\",\"url\":\"https:\/\/staging.aldafea-coaching.de\/index.php\/impuls-gesprach\/\",\"name\":\"Impuls-Gespr\u00e4ch - www.aldafea-coaching.de\",\"isPartOf\":{\"@id\":\"https:\/\/staging.aldafea-coaching.de\/#website\"},\"datePublished\":\"2025-09-10T20:07:32+00:00\",\"dateModified\":\"2025-11-13T08:27:51+00:00\",\"description\":\"Im Impuls-Gespr\u00e4ch findest du ein offenes Gegen\u00fcber, das dir hilft neue Perspektiven einzunehmen und eigenst\u00e4ndige L\u00f6sungen zu finden.\",\"breadcrumb\":{\"@id\":\"https:\/\/staging.aldafea-coaching.de\/index.php\/impuls-gesprach\/#breadcrumb\"},\"inLanguage\":\"de\",\"potentialAction\":[{\"@type\":\"ReadAction\",\"target\":[\"https:\/\/staging.aldafea-coaching.de\/index.php\/impuls-gesprach\/\"]}]},{\"@type\":\"BreadcrumbList\",\"@id\":\"https:\/\/staging.aldafea-coaching.de\/index.php\/impuls-gesprach\/#breadcrumb\",\"itemListElement\":[{\"@type\":\"ListItem\",\"position\":1,\"name\":\"Startseite\",\"item\":\"https:\/\/staging.aldafea-coaching.de\/\"},{\"@type\":\"ListItem\",\"position\":2,\"name\":\"Impuls-Gespr\u00e4ch\"}]},{\"@type\":\"WebSite\",\"@id\":\"https:\/\/staging.aldafea-coaching.de\/#website\",\"url\":\"https:\/\/staging.aldafea-coaching.de\/\",\"name\":\"www.aldafea-coaching.de\",\"description\":\"www.aldafea-coaching.de - ganzheitliche Gesundheitsberatung\",\"potentialAction\":[{\"@type\":\"SearchAction\",\"target\":{\"@type\":\"EntryPoint\",\"urlTemplate\":\"https:\/\/staging.aldafea-coaching.de\/?s={search_term_string}\"},\"query-input\":{\"@type\":\"PropertyValueSpecification\",\"valueRequired\":true,\"valueName\":\"search_term_string\"}}],\"inLanguage\":\"de\"}]}<\/script>\n<!-- \/ Yoast SEO plugin. -->","yoast_head_json":{"title":"Impuls-Gespr\u00e4ch - www.aldafea-coaching.de","description":"Im Impuls-Gespr\u00e4ch findest du ein offenes Gegen\u00fcber, das dir hilft neue Perspektiven einzunehmen und eigenst\u00e4ndige L\u00f6sungen zu finden.","robots":{"index":"index","follow":"follow","max-snippet":"max-snippet:-1","max-image-preview":"max-image-preview:large","max-video-preview":"max-video-preview:-1"},"canonical":"https:\/\/staging.aldafea-coaching.de\/index.php\/impuls-gesprach\/","og_locale":"de_DE","og_type":"article","og_title":"Impuls-Gespr\u00e4ch - www.aldafea-coaching.de","og_description":"Im Impuls-Gespr\u00e4ch findest du ein offenes Gegen\u00fcber, das dir hilft neue Perspektiven einzunehmen und eigenst\u00e4ndige L\u00f6sungen zu finden.","og_url":"https:\/\/staging.aldafea-coaching.de\/index.php\/impuls-gesprach\/","og_site_name":"www.aldafea-coaching.de","article_modified_time":"2025-11-13T08:27:51+00:00","schema":{"@context":"https:\/\/schema.org","@graph":[{"@type":"WebPage","@id":"https:\/\/staging.aldafea-coaching.de\/index.php\/impuls-gesprach\/","url":"https:\/\/staging.aldafea-coaching.de\/index.php\/impuls-gesprach\/","name":"Impuls-Gespr\u00e4ch - www.aldafea-coaching.de","isPartOf":{"@id":"https:\/\/staging.aldafea-coaching.de\/#website"},"datePublished":"2025-09-10T20:07:32+00:00","dateModified":"2025-11-13T08:27:51+00:00","description":"Im Impuls-Gespr\u00e4ch findest du ein offenes Gegen\u00fcber, das dir hilft neue Perspektiven einzunehmen und eigenst\u00e4ndige L\u00f6sungen zu finden.","breadcrumb":{"@id":"https:\/\/staging.aldafea-coaching.de\/index.php\/impuls-gesprach\/#breadcrumb"},"inLanguage":"de","potentialAction":[{"@type":"ReadAction","target":["https:\/\/staging.aldafea-coaching.de\/index.php\/impuls-gesprach\/"]}]},{"@type":"BreadcrumbList","@id":"https:\/\/staging.aldafea-coaching.de\/index.php\/impuls-gesprach\/#breadcrumb","itemListElement":[{"@type":"ListItem","position":1,"name":"Startseite","item":"https:\/\/staging.aldafea-coaching.de\/"},{"@type":"ListItem","position":2,"name":"Impuls-Gespr\u00e4ch"}]},{"@type":"WebSite","@id":"https:\/\/staging.aldafea-coaching.de\/#website","url":"https:\/\/staging.aldafea-coaching.de\/","name":"www.aldafea-coaching.de","description":"www.aldafea-coaching.de - ganzheitliche Gesundheitsberatung","potentialAction":[{"@type":"SearchAction","target":{"@type":"EntryPoint","urlTemplate":"https:\/\/staging.aldafea-coaching.de\/?s={search_term_string}"},"query-input":{"@type":"PropertyValueSpecification","valueRequired":true,"valueName":"search_term_string"}}],"inLanguage":"de"}]}},"_links":{"self":[{"href":"https:\/\/staging.aldafea-coaching.de\/index.php\/wp-json\/wp\/v2\/pages\/81","targetHints":{"allow":["GET"]}}],"collection":[{"href":"https:\/\/staging.aldafea-coaching.de\/index.php\/wp-json\/wp\/v2\/pages"}],"about":[{"href":"https:\/\/staging.aldafea-coaching.de\/index.php\/wp-json\/wp\/v2\/types\/page"}],"author":[{"embeddable":true,"href":"https:\/\/staging.aldafea-coaching.de\/index.php\/wp-json\/wp\/v2\/users\/2"}],"replies":[{"embeddable":true,"href":"https:\/\/staging.aldafea-coaching.de\/index.php\/wp-json\/wp\/v2\/comments?post=81"}],"version-history":[{"count":44,"href":"https:\/\/staging.aldafea-coaching.de\/index.php\/wp-json\/wp\/v2\/pages\/81\/revisions"}],"predecessor-version":[{"id":609,"href":"https:\/\/staging.aldafea-coaching.de\/index.php\/wp-json\/wp\/v2\/pages\/81\/revisions\/609"}],"wp:attachment":[{"href":"https:\/\/staging.aldafea-coaching.de\/index.php\/wp-json\/wp\/v2\/media?parent=81"}],"curies":[{"name":"wp","href":"https:\/\/api.w.org\/{rel}","templated":true}]}}